{"id":190,"date":"2018-09-18T15:16:00","date_gmt":"2018-09-18T13:16:00","guid":{"rendered":"http:\/\/mustangklubben.hemsida.eu\/vastra-malardalen\/bildgalleri\/summer-meet-2018\/"},"modified":"2025-03-16T11:15:34","modified_gmt":"2025-03-16T10:15:34","slug":"summer-meet-2018","status":"publish","type":"bildgalleri","link":"https:\/\/mustangclubsweden.org\/vastra-malardalen\/bildgalleri\/summer-meet-2018\/","title":{"rendered":"Summer meet 2018"},"content":{"rendered":"<p>Dagen b\u00f6rjade f\u00f6r oss som kom runt 10:30 med regn. Men det gav sig straxt f\u00f6re 13 p\u00e5 dagen. d\u00e5 kom solen och v\u00e4rmen <img class=\"ipsEmoji\" src=\"https:\/\/twemoji.maxcdn.com\/2\/72x72\/1f642.png\" alt=\" \" \/><\/p>\n<p>Mycket bilar blev det och god st\u00e4mning var det. En bra dag med underbara m\u00e4nniskor <img class=\"ipsEmoji\" src=\"https:\/\/twemoji.maxcdn.com\/2\/72x72\/1f642.png\" alt=\" \" \/><\/p>\n","protected":false},"featured_media":0,"template":"","galleri_kategori":[30],"yoast_head":"<!-- This site is optimized with the Yoast SEO plugin v16.1.1 - https:\/\/yoast.com\/wordpress\/plugins\/seo\/ -->\n<title>Summer meet 2018 - V\u00e4stra M\u00e4lardalen<\/title>\n<link rel=\"canonical\" href=\"https:\/\/mustangclubsweden.org\/vastra-malardalen\/bildgalleri\/summer-meet-2018\/\" \/>\n<meta property=\"og:locale\" content=\"sv_SE\" \/>\n<meta property=\"og:type\" content=\"article\" \/>\n<meta property=\"og:title\" content=\"Summer meet 2018 - V\u00e4stra M\u00e4lardalen\" \/>\n<meta property=\"og:description\" content=\"Dagen b\u00f6rjade f\u00f6r oss som kom runt 10:30 med regn. Men det gav sig straxt f\u00f6re 13 p\u00e5 dagen. d\u00e5 kom solen och v\u00e4rmen Mycket bilar blev det och god st\u00e4mning var det. En bra dag med underbara m\u00e4nniskor\" \/>\n<meta property=\"og:url\" content=\"https:\/\/mustangclubsweden.org\/vastra-malardalen\/bildgalleri\/summer-meet-2018\/\" \/>\n<meta property=\"og:site_name\" content=\"V\u00e4stra M\u00e4lardalen\" \/>\n<meta property=\"article:modified_time\" content=\"2025-03-16T10:15:34+00:00\" \/>\n<meta property=\"og:image\" content=\"https:\/\/twemoji.maxcdn.com\/2\/72x72\/1f642.png\" \/>\n<meta name=\"twitter:card\" content=\"summary_large_image\" \/>\n<script type=\"application\/ld+json\" class=\"yoast-schema-graph\">{\"@context\":\"https:\/\/schema.org\",\"@graph\":[{\"@type\":\"WebSite\",\"@id\":\"https:\/\/mustangclubsweden.org\/vastra-malardalen\/#website\",\"url\":\"https:\/\/mustangclubsweden.org\/vastra-malardalen\/\",\"name\":\"V\\u00e4stra M\\u00e4lardalen\",\"description\":\"Region V\\u00e4stra M\\u00e4lardalen hos Classic Mustang Club Sweden\",\"potentialAction\":[{\"@type\":\"SearchAction\",\"target\":\"https:\/\/mustangclubsweden.org\/vastra-malardalen\/?s={search_term_string}\",\"query-input\":\"required name=search_term_string\"}],\"inLanguage\":\"sv-SE\"},{\"@type\":\"ImageObject\",\"@id\":\"https:\/\/mustangclubsweden.org\/vastra-malardalen\/bildgalleri\/summer-meet-2018\/#primaryimage\",\"inLanguage\":\"sv-SE\",\"url\":\"https:\/\/twemoji.maxcdn.com\/2\/72x72\/1f642.png\",\"contentUrl\":\"https:\/\/twemoji.maxcdn.com\/2\/72x72\/1f642.png\"},{\"@type\":\"WebPage\",\"@id\":\"https:\/\/mustangclubsweden.org\/vastra-malardalen\/bildgalleri\/summer-meet-2018\/#webpage\",\"url\":\"https:\/\/mustangclubsweden.org\/vastra-malardalen\/bildgalleri\/summer-meet-2018\/\",\"name\":\"Summer meet 2018 - V\\u00e4stra M\\u00e4lardalen\",\"isPartOf\":{\"@id\":\"https:\/\/mustangclubsweden.org\/vastra-malardalen\/#website\"},\"primaryImageOfPage\":{\"@id\":\"https:\/\/mustangclubsweden.org\/vastra-malardalen\/bildgalleri\/summer-meet-2018\/#primaryimage\"},\"datePublished\":\"2018-09-18T13:16:00+00:00\",\"dateModified\":\"2025-03-16T10:15:34+00:00\",\"breadcrumb\":{\"@id\":\"https:\/\/mustangclubsweden.org\/vastra-malardalen\/bildgalleri\/summer-meet-2018\/#breadcrumb\"},\"inLanguage\":\"sv-SE\",\"potentialAction\":[{\"@type\":\"ReadAction\",\"target\":[\"https:\/\/mustangclubsweden.org\/vastra-malardalen\/bildgalleri\/summer-meet-2018\/\"]}]},{\"@type\":\"BreadcrumbList\",\"@id\":\"https:\/\/mustangclubsweden.org\/vastra-malardalen\/bildgalleri\/summer-meet-2018\/#breadcrumb\",\"itemListElement\":[{\"@type\":\"ListItem\",\"position\":1,\"item\":{\"@type\":\"WebPage\",\"@id\":\"https:\/\/mustangclubsweden.org\/vastra-malardalen\/\",\"url\":\"https:\/\/mustangclubsweden.org\/vastra-malardalen\/\",\"name\":\"Hem\"}},{\"@type\":\"ListItem\",\"position\":2,\"item\":{\"@type\":\"WebPage\",\"@id\":\"https:\/\/mustangclubsweden.org\/vastra-malardalen\/bildgalleri\/\",\"url\":\"https:\/\/mustangclubsweden.org\/vastra-malardalen\/bildgalleri\/\",\"name\":\"Bildgallerier\"}},{\"@type\":\"ListItem\",\"position\":3,\"item\":{\"@type\":\"WebPage\",\"@id\":\"https:\/\/mustangclubsweden.org\/vastra-malardalen\/bildgalleri\/summer-meet-2018\/\",\"url\":\"https:\/\/mustangclubsweden.org\/vastra-malardalen\/bildgalleri\/summer-meet-2018\/\",\"name\":\"Summer meet 2018\"}}]}]}<\/script>\n<!-- \/ Yoast SEO plugin. -->","_links":{"self":[{"href":"https:\/\/mustangclubsweden.org\/vastra-malardalen\/wp-json\/wp\/v2\/bildgalleri\/190"}],"collection":[{"href":"https:\/\/mustangclubsweden.org\/vastra-malardalen\/wp-json\/wp\/v2\/bildgalleri"}],"about":[{"href":"https:\/\/mustangclubsweden.org\/vastra-malardalen\/wp-json\/wp\/v2\/types\/bildgalleri"}],"wp:attachment":[{"href":"https:\/\/mustangclubsweden.org\/vastra-malardalen\/wp-json\/wp\/v2\/media?parent=190"}],"wp:term":[{"taxonomy":"galleri_kategori","embeddable":true,"href":"https:\/\/mustangclubsweden.org\/vastra-malardalen\/wp-json\/wp\/v2\/galleri_kategori?post=190"}],"curies":[{"name":"wp","href":"https:\/\/api.w.org\/{rel}","templated":true}]}}

<p>Dagen började för oss som kom runt 10:30 med regn. Men det gav sig straxt före 13 på dagen. då kom solen och värmen <img class="ipsEmoji" src="https://twemoji.maxcdn.com/2/72x72/1f642.png" alt=" " /></p>
<p>Mycket bilar blev det och god stämning var det. En bra dag med underbara människor <img class="ipsEmoji" src="https://twemoji.maxcdn.com/2/72x72/1f642.png" alt=" " /></p>

<!-- This site is optimized with the Yoast SEO plugin v16.1.1 - https://yoast.com/wordpress/plugins/seo/ -->
<title>Summer meet 2018 - Västra Mälardalen</title>
<link rel="canonical" href="https://mustangclubsweden.org/vastra-malardalen/bildgalleri/summer-meet-2018/" />
<meta property="og:locale" content="sv_SE" />
<meta property="og:type" content="article" />
<meta property="og:title" content="Summer meet 2018 - Västra Mälardalen" />
<meta property="og:description" content="Dagen började för oss som kom runt 10:30 med regn. Men det gav sig straxt före 13 på dagen. då kom solen och värmen Mycket bilar blev det och god stämning var det. En bra dag med underbara människor" />
<meta property="og:url" content="https://mustangclubsweden.org/vastra-malardalen/bildgalleri/summer-meet-2018/" />
<meta property="og:site_name" content="Västra Mälardalen" />
<meta property="article:modified_time" content="2025-03-16T10:15:34+00:00" />
<meta property="og:image" content="https://twemoji.maxcdn.com/2/72x72/1f642.png" />
<meta name="twitter:card" content="summary_large_image" />
<script type="application/ld+json" class="yoast-schema-graph">{"@context":"https://schema.org","@graph":[{"@type":"WebSite","@id":"https://mustangclubsweden.org/vastra-malardalen/#website","url":"https://mustangclubsweden.org/vastra-malardalen/","name":"V\u00e4stra M\u00e4lardalen","description":"Region V\u00e4stra M\u00e4lardalen hos Classic Mustang Club Sweden","potentialAction":[{"@type":"SearchAction","target":"https://mustangclubsweden.org/vastra-malardalen/?s={search_term_string}","query-input":"required name=search_term_string"}],"inLanguage":"sv-SE"},{"@type":"ImageObject","@id":"https://mustangclubsweden.org/vastra-malardalen/bildgalleri/summer-meet-2018/#primaryimage","inLanguage":"sv-SE","url":"https://twemoji.maxcdn.com/2/72x72/1f642.png","contentUrl":"https://twemoji.maxcdn.com/2/72x72/1f642.png"},{"@type":"WebPage","@id":"https://mustangclubsweden.org/vastra-malardalen/bildgalleri/summer-meet-2018/#webpage","url":"https://mustangclubsweden.org/vastra-malardalen/bildgalleri/summer-meet-2018/","name":"Summer meet 2018 - V\u00e4stra M\u00e4lardalen","isPartOf":{"@id":"https://mustangclubsweden.org/vastra-malardalen/#website"},"primaryImageOfPage":{"@id":"https://mustangclubsweden.org/vastra-malardalen/bildgalleri/summer-meet-2018/#primaryimage"},"datePublished":"2018-09-18T13:16:00+00:00","dateModified":"2025-03-16T10:15:34+00:00","breadcrumb":{"@id":"https://mustangclubsweden.org/vastra-malardalen/bildgalleri/summer-meet-2018/#breadcrumb"},"inLanguage":"sv-SE","potentialAction":[{"@type":"ReadAction","target":["https://mustangclubsweden.org/vastra-malardalen/bildgalleri/summer-meet-2018/"]}]},{"@type":"BreadcrumbList","@id":"https://mustangclubsweden.org/vastra-malardalen/bildgalleri/summer-meet-2018/#breadcrumb","itemListElement":[{"@type":"ListItem","position":1,"item":{"@type":"WebPage","@id":"https://mustangclubsweden.org/vastra-malardalen/","url":"https://mustangclubsweden.org/vastra-malardalen/","name":"Hem"}},{"@type":"ListItem","position":2,"item":{"@type":"WebPage","@id":"https://mustangclubsweden.org/vastra-malardalen/bildgalleri/","url":"https://mustangclubsweden.org/vastra-malardalen/bildgalleri/","name":"Bildgallerier"}},{"@type":"ListItem","position":3,"item":{"@type":"WebPage","@id":"https://mustangclubsweden.org/vastra-malardalen/bildgalleri/summer-meet-2018/","url":"https://mustangclubsweden.org/vastra-malardalen/bildgalleri/summer-meet-2018/","name":"Summer meet 2018"}}]}]}</script>
<!-- / Yoast SEO plugin. -->
