{"id":2,"date":"2020-12-01T13:02:35","date_gmt":"2020-12-01T12:02:35","guid":{"rendered":"http:\/\/mustangklubben.hemsida.eu\/sodra-norrland\/?page_id=2"},"modified":"2023-06-05T16:44:27","modified_gmt":"2023-06-05T14:44:27","slug":"exempelsida","status":"publish","type":"page","link":"https:\/\/mustangclubsweden.org\/sodra-norrland\/","title":{"rendered":"Startsida S\u00f6dra Norrland"},"content":{"rendered":"","protected":false},"excerpt":{"rendered":"","protected":false},"author":1,"featured_media":0,"parent":0,"menu_order":0,"comment_status":"closed","ping_status":"closed","template":"page-templates\/startsida.php","meta":{"_monsterinsights_skip_tracking":false,"_monsterinsights_sitenote_active":false,"_monsterinsights_sitenote_note":"","_monsterinsights_sitenote_category":0},"yoast_head":"<!-- This site is optimized with the Yoast SEO plugin v16.1.1 - https:\/\/yoast.com\/wordpress\/plugins\/seo\/ -->\n<title>S\u00f6dra Norrland - Classic Mustang Club Sweden<\/title>\n<meta name=\"description\" content=\"S\u00f6dra Norrland - Classic Mustang Club Sweden \u00e4r en sj\u00e4lvklarhet f\u00f6r dig som brinner f\u00f6r Ford Mustang \u2013 the first Ponycar!\" \/>\n<link rel=\"canonical\" href=\"https:\/\/mustangclubsweden.org\/sodra-norrland\/\" \/>\n<meta property=\"og:locale\" content=\"sv_SE\" \/>\n<meta property=\"og:type\" content=\"article\" \/>\n<meta property=\"og:title\" content=\"S\u00f6dra Norrland - Classic Mustang Club Sweden\" \/>\n<meta property=\"og:description\" content=\"S\u00f6dra Norrland - Classic Mustang Club Sweden \u00e4r en sj\u00e4lvklarhet f\u00f6r dig som brinner f\u00f6r Ford Mustang \u2013 the first Ponycar!\" \/>\n<meta property=\"og:url\" content=\"https:\/\/mustangclubsweden.org\/sodra-norrland\/\" \/>\n<meta property=\"og:site_name\" content=\"S\u00f6dra Norrland\" \/>\n<meta property=\"article:modified_time\" content=\"2023-06-05T14:44:27+00:00\" \/>\n<meta name=\"twitter:card\" content=\"summary_large_image\" \/>\n<script type=\"application\/ld+json\" class=\"yoast-schema-graph\">{\"@context\":\"https:\/\/schema.org\",\"@graph\":[{\"@type\":\"WebSite\",\"@id\":\"https:\/\/mustangclubsweden.org\/sodra-norrland\/#website\",\"url\":\"https:\/\/mustangclubsweden.org\/sodra-norrland\/\",\"name\":\"S\\u00f6dra Norrland\",\"description\":\"Region S\\u00f6dra Norrland hos Classic Mustang Club Sweden\",\"potentialAction\":[{\"@type\":\"SearchAction\",\"target\":\"https:\/\/mustangclubsweden.org\/sodra-norrland\/?s={search_term_string}\",\"query-input\":\"required name=search_term_string\"}],\"inLanguage\":\"sv-SE\"},{\"@type\":\"WebPage\",\"@id\":\"https:\/\/mustangclubsweden.org\/sodra-norrland\/#webpage\",\"url\":\"https:\/\/mustangclubsweden.org\/sodra-norrland\/\",\"name\":\"S\\u00f6dra Norrland - Classic Mustang Club Sweden\",\"isPartOf\":{\"@id\":\"https:\/\/mustangclubsweden.org\/sodra-norrland\/#website\"},\"datePublished\":\"2020-12-01T12:02:35+00:00\",\"dateModified\":\"2023-06-05T14:44:27+00:00\",\"description\":\"S\\u00f6dra Norrland - Classic Mustang Club Sweden \\u00e4r en sj\\u00e4lvklarhet f\\u00f6r dig som brinner f\\u00f6r Ford Mustang \\u2013 the first Ponycar!\",\"breadcrumb\":{\"@id\":\"https:\/\/mustangclubsweden.org\/sodra-norrland\/#breadcrumb\"},\"inLanguage\":\"sv-SE\",\"potentialAction\":[{\"@type\":\"ReadAction\",\"target\":[\"https:\/\/mustangclubsweden.org\/sodra-norrland\/\"]}]},{\"@type\":\"BreadcrumbList\",\"@id\":\"https:\/\/mustangclubsweden.org\/sodra-norrland\/#breadcrumb\",\"itemListElement\":[{\"@type\":\"ListItem\",\"position\":1,\"item\":{\"@type\":\"WebPage\",\"@id\":\"https:\/\/mustangclubsweden.org\/sodra-norrland\/\",\"url\":\"https:\/\/mustangclubsweden.org\/sodra-norrland\/\",\"name\":\"Hem\"}},{\"@type\":\"ListItem\",\"position\":2,\"item\":{\"@type\":\"WebPage\",\"@id\":\"https:\/\/mustangclubsweden.org\/sodra-norrland\/\",\"url\":\"https:\/\/mustangclubsweden.org\/sodra-norrland\/\",\"name\":\"Startsida S\\u00f6dra Norrland\"}}]}]}<\/script>\n<!-- \/ Yoast SEO plugin. -->","_links":{"self":[{"href":"https:\/\/mustangclubsweden.org\/sodra-norrland\/wp-json\/wp\/v2\/pages\/2"}],"collection":[{"href":"https:\/\/mustangclubsweden.org\/sodra-norrland\/wp-json\/wp\/v2\/pages"}],"about":[{"href":"https:\/\/mustangclubsweden.org\/sodra-norrland\/wp-json\/wp\/v2\/types\/page"}],"author":[{"embeddable":true,"href":"https:\/\/mustangclubsweden.org\/sodra-norrland\/wp-json\/wp\/v2\/users\/1"}],"replies":[{"embeddable":true,"href":"https:\/\/mustangclubsweden.org\/sodra-norrland\/wp-json\/wp\/v2\/comments?post=2"}],"version-history":[{"count":7,"href":"https:\/\/mustangclubsweden.org\/sodra-norrland\/wp-json\/wp\/v2\/pages\/2\/revisions"}],"predecessor-version":[{"id":432,"href":"https:\/\/mustangclubsweden.org\/sodra-norrland\/wp-json\/wp\/v2\/pages\/2\/revisions\/432"}],"wp:attachment":[{"href":"https:\/\/mustangclubsweden.org\/sodra-norrland\/wp-json\/wp\/v2\/media?parent=2"}],"curies":[{"name":"wp","href":"https:\/\/api.w.org\/{rel}","templated":true}]}}