{"id":1319,"date":"2025-08-25T17:51:18","date_gmt":"2025-08-25T15:51:18","guid":{"rendered":"https:\/\/mustangclubsweden.org\/gavle-dala\/?post_type=bildgalleri&#038;p=1319"},"modified":"2025-08-25T17:51:18","modified_gmt":"2025-08-25T15:51:18","slug":"utflykt-under-classic-car-veckan-i-rattvik-onsdagen-30-juli","status":"publish","type":"bildgalleri","link":"https:\/\/mustangclubsweden.org\/gavle-dala\/bildgalleri\/utflykt-under-classic-car-veckan-i-rattvik-onsdagen-30-juli\/","title":{"rendered":"Utflykt under Classic Car veckan i R\u00e4ttvik onsdagen 30 juli"},"content":{"rendered":"<p>Det var m\u00e5nga Mustanger som samlades vid Hantverksbyn i R\u00e4ttvik f\u00f6r att vara med p\u00e5 en liten utflykt. F\u00e4rden gick genom sm\u00e5byarna mot Furudal och d\u00e4r ett stopp vid Snitts Hantverksbageri. D\u00e4refter vidare till Furudals Bruk f\u00f6r att sedan \u00e5ka runt Ore sj\u00f6n och ett stopp vid Boda Kyrka. Tillbaka i R\u00e4ttvik \u00e5kte n\u00e5gra till American Fords utst\u00e4llning vid Persborgs brygga.<\/p>\n","protected":false},"featured_media":0,"template":"","galleri_kategori":[7],"yoast_head":"<!-- This site is optimized with the Yoast SEO plugin v16.1.1 - https:\/\/yoast.com\/wordpress\/plugins\/seo\/ -->\n<title>Utflykt under Classic Car veckan i R\u00e4ttvik onsdagen 30 juli - G\u00e4vle-Dala<\/title>\n<link rel=\"canonical\" href=\"https:\/\/mustangclubsweden.org\/gavle-dala\/bildgalleri\/utflykt-under-classic-car-veckan-i-rattvik-onsdagen-30-juli\/\" \/>\n<meta property=\"og:locale\" content=\"sv_SE\" \/>\n<meta property=\"og:type\" content=\"article\" \/>\n<meta property=\"og:title\" content=\"Utflykt under Classic Car veckan i R\u00e4ttvik onsdagen 30 juli - G\u00e4vle-Dala\" \/>\n<meta property=\"og:description\" content=\"Det var m\u00e5nga Mustanger som samlades vid Hantverksbyn i R\u00e4ttvik f\u00f6r att vara med p\u00e5 en liten utflykt. F\u00e4rden gick genom sm\u00e5byarna mot Furudal och d\u00e4r ett stopp vid Snitts Hantverksbageri. D\u00e4refter vidare till Furudals Bruk f\u00f6r att sedan \u00e5ka runt Ore sj\u00f6n och ett stopp vid Boda Kyrka. Tillbaka i R\u00e4ttvik \u00e5kte n\u00e5gra till [&hellip;]\" \/>\n<meta property=\"og:url\" content=\"https:\/\/mustangclubsweden.org\/gavle-dala\/bildgalleri\/utflykt-under-classic-car-veckan-i-rattvik-onsdagen-30-juli\/\" \/>\n<meta property=\"og:site_name\" content=\"G\u00e4vle-Dala\" \/>\n<meta name=\"twitter:card\" content=\"summary_large_image\" \/>\n<meta name=\"twitter:label1\" content=\"Ber\u00e4knad l\u00e4stid\">\n\t<meta name=\"twitter:data1\" content=\"1 minut\">\n<script type=\"application\/ld+json\" class=\"yoast-schema-graph\">{\"@context\":\"https:\/\/schema.org\",\"@graph\":[{\"@type\":\"WebSite\",\"@id\":\"https:\/\/mustangclubsweden.org\/gavle-dala\/#website\",\"url\":\"https:\/\/mustangclubsweden.org\/gavle-dala\/\",\"name\":\"G\\u00e4vle-Dala\",\"description\":\"Region G\\u00e4vle-Dalarna hos Classic Mustang Club Sweden\",\"potentialAction\":[{\"@type\":\"SearchAction\",\"target\":\"https:\/\/mustangclubsweden.org\/gavle-dala\/?s={search_term_string}\",\"query-input\":\"required name=search_term_string\"}],\"inLanguage\":\"sv-SE\"},{\"@type\":\"WebPage\",\"@id\":\"https:\/\/mustangclubsweden.org\/gavle-dala\/bildgalleri\/utflykt-under-classic-car-veckan-i-rattvik-onsdagen-30-juli\/#webpage\",\"url\":\"https:\/\/mustangclubsweden.org\/gavle-dala\/bildgalleri\/utflykt-under-classic-car-veckan-i-rattvik-onsdagen-30-juli\/\",\"name\":\"Utflykt under Classic Car veckan i R\\u00e4ttvik onsdagen 30 juli - G\\u00e4vle-Dala\",\"isPartOf\":{\"@id\":\"https:\/\/mustangclubsweden.org\/gavle-dala\/#website\"},\"datePublished\":\"2025-08-25T15:51:18+00:00\",\"dateModified\":\"2025-08-25T15:51:18+00:00\",\"breadcrumb\":{\"@id\":\"https:\/\/mustangclubsweden.org\/gavle-dala\/bildgalleri\/utflykt-under-classic-car-veckan-i-rattvik-onsdagen-30-juli\/#breadcrumb\"},\"inLanguage\":\"sv-SE\",\"potentialAction\":[{\"@type\":\"ReadAction\",\"target\":[\"https:\/\/mustangclubsweden.org\/gavle-dala\/bildgalleri\/utflykt-under-classic-car-veckan-i-rattvik-onsdagen-30-juli\/\"]}]},{\"@type\":\"BreadcrumbList\",\"@id\":\"https:\/\/mustangclubsweden.org\/gavle-dala\/bildgalleri\/utflykt-under-classic-car-veckan-i-rattvik-onsdagen-30-juli\/#breadcrumb\",\"itemListElement\":[{\"@type\":\"ListItem\",\"position\":1,\"item\":{\"@type\":\"WebPage\",\"@id\":\"https:\/\/mustangclubsweden.org\/gavle-dala\/\",\"url\":\"https:\/\/mustangclubsweden.org\/gavle-dala\/\",\"name\":\"Hem\"}},{\"@type\":\"ListItem\",\"position\":2,\"item\":{\"@type\":\"WebPage\",\"@id\":\"https:\/\/mustangclubsweden.org\/gavle-dala\/bildgalleri\/\",\"url\":\"https:\/\/mustangclubsweden.org\/gavle-dala\/bildgalleri\/\",\"name\":\"Bildgallerier\"}},{\"@type\":\"ListItem\",\"position\":3,\"item\":{\"@type\":\"WebPage\",\"@id\":\"https:\/\/mustangclubsweden.org\/gavle-dala\/bildgalleri\/utflykt-under-classic-car-veckan-i-rattvik-onsdagen-30-juli\/\",\"url\":\"https:\/\/mustangclubsweden.org\/gavle-dala\/bildgalleri\/utflykt-under-classic-car-veckan-i-rattvik-onsdagen-30-juli\/\",\"name\":\"Utflykt under Classic Car veckan i R\\u00e4ttvik onsdagen 30 juli\"}}]}]}<\/script>\n<!-- \/ Yoast SEO plugin. -->","_links":{"self":[{"href":"https:\/\/mustangclubsweden.org\/gavle-dala\/wp-json\/wp\/v2\/bildgalleri\/1319"}],"collection":[{"href":"https:\/\/mustangclubsweden.org\/gavle-dala\/wp-json\/wp\/v2\/bildgalleri"}],"about":[{"href":"https:\/\/mustangclubsweden.org\/gavle-dala\/wp-json\/wp\/v2\/types\/bildgalleri"}],"wp:attachment":[{"href":"https:\/\/mustangclubsweden.org\/gavle-dala\/wp-json\/wp\/v2\/media?parent=1319"}],"wp:term":[{"taxonomy":"galleri_kategori","embeddable":true,"href":"https:\/\/mustangclubsweden.org\/gavle-dala\/wp-json\/wp\/v2\/galleri_kategori?post=1319"}],"curies":[{"name":"wp","href":"https:\/\/api.w.org\/{rel}","templated":true}]}}

Utflykt under Classic Car veckan i Rättvik onsdagen 30 juli

<p>Det var många Mustanger som samlades vid Hantverksbyn i Rättvik för att vara med på en liten utflykt. Färden gick genom småbyarna mot Furudal och där ett stopp vid Snitts Hantverksbageri. Därefter vidare till Furudals Bruk för att sedan åka runt Ore sjön och ett stopp vid Boda Kyrka. Tillbaka i Rättvik åkte några till American Fords utställning vid Persborgs brygga.</p>

<!-- This site is optimized with the Yoast SEO plugin v16.1.1 - https://yoast.com/wordpress/plugins/seo/ -->
<title>Utflykt under Classic Car veckan i Rättvik onsdagen 30 juli - Gävle-Dala</title>
<link rel="canonical" href="https://mustangclubsweden.org/gavle-dala/bildgalleri/utflykt-under-classic-car-veckan-i-rattvik-onsdagen-30-juli/" />
<meta property="og:locale" content="sv_SE" />
<meta property="og:type" content="article" />
<meta property="og:title" content="Utflykt under Classic Car veckan i Rättvik onsdagen 30 juli - Gävle-Dala" />
<meta property="og:description" content="Det var många Mustanger som samlades vid Hantverksbyn i Rättvik för att vara med på en liten utflykt. Färden gick genom småbyarna mot Furudal och där ett stopp vid Snitts Hantverksbageri. Därefter vidare till Furudals Bruk för att sedan åka runt Ore sjön och ett stopp vid Boda Kyrka. Tillbaka i Rättvik åkte några till [&hellip;]" />
<meta property="og:url" content="https://mustangclubsweden.org/gavle-dala/bildgalleri/utflykt-under-classic-car-veckan-i-rattvik-onsdagen-30-juli/" />
<meta property="og:site_name" content="Gävle-Dala" />
<meta name="twitter:card" content="summary_large_image" />
<meta name="twitter:label1" content="Beräknad lästid">
	<meta name="twitter:data1" content="1 minut">
<script type="application/ld+json" class="yoast-schema-graph">{"@context":"https://schema.org","@graph":[{"@type":"WebSite","@id":"https://mustangclubsweden.org/gavle-dala/#website","url":"https://mustangclubsweden.org/gavle-dala/","name":"G\u00e4vle-Dala","description":"Region G\u00e4vle-Dalarna hos Classic Mustang Club Sweden","potentialAction":[{"@type":"SearchAction","target":"https://mustangclubsweden.org/gavle-dala/?s={search_term_string}","query-input":"required name=search_term_string"}],"inLanguage":"sv-SE"},{"@type":"WebPage","@id":"https://mustangclubsweden.org/gavle-dala/bildgalleri/utflykt-under-classic-car-veckan-i-rattvik-onsdagen-30-juli/#webpage","url":"https://mustangclubsweden.org/gavle-dala/bildgalleri/utflykt-under-classic-car-veckan-i-rattvik-onsdagen-30-juli/","name":"Utflykt under Classic Car veckan i R\u00e4ttvik onsdagen 30 juli - G\u00e4vle-Dala","isPartOf":{"@id":"https://mustangclubsweden.org/gavle-dala/#website"},"datePublished":"2025-08-25T15:51:18+00:00","dateModified":"2025-08-25T15:51:18+00:00","breadcrumb":{"@id":"https://mustangclubsweden.org/gavle-dala/bildgalleri/utflykt-under-classic-car-veckan-i-rattvik-onsdagen-30-juli/#breadcrumb"},"inLanguage":"sv-SE","potentialAction":[{"@type":"ReadAction","target":["https://mustangclubsweden.org/gavle-dala/bildgalleri/utflykt-under-classic-car-veckan-i-rattvik-onsdagen-30-juli/"]}]},{"@type":"BreadcrumbList","@id":"https://mustangclubsweden.org/gavle-dala/bildgalleri/utflykt-under-classic-car-veckan-i-rattvik-onsdagen-30-juli/#breadcrumb","itemListElement":[{"@type":"ListItem","position":1,"item":{"@type":"WebPage","@id":"https://mustangclubsweden.org/gavle-dala/","url":"https://mustangclubsweden.org/gavle-dala/","name":"Hem"}},{"@type":"ListItem","position":2,"item":{"@type":"WebPage","@id":"https://mustangclubsweden.org/gavle-dala/bildgalleri/","url":"https://mustangclubsweden.org/gavle-dala/bildgalleri/","name":"Bildgallerier"}},{"@type":"ListItem","position":3,"item":{"@type":"WebPage","@id":"https://mustangclubsweden.org/gavle-dala/bildgalleri/utflykt-under-classic-car-veckan-i-rattvik-onsdagen-30-juli/","url":"https://mustangclubsweden.org/gavle-dala/bildgalleri/utflykt-under-classic-car-veckan-i-rattvik-onsdagen-30-juli/","name":"Utflykt under Classic Car veckan i R\u00e4ttvik onsdagen 30 juli"}}]}]}</script>
<!-- / Yoast SEO plugin. -->
